2*p + 4. Calculate b(3).
10
Let y(x) = -7*x - 1. Calculate y(2).
-15
Let s(r) = r**2 + 4*r - 6. Give s(-7).
15
Let g(q) = -6*q. Give g(-3).
18
Let z(a) = -5*a - 79. What is z(-16)?
1
Let n(a) = -a - 7. Calculate n(5).
-12
Let w(k) = -11*k**3 + k**2 - 3*k - 2. What is w(-2)?
96
Let u(k) = 5*k**2 + 65*k - 73. Give u(-14).
-3
Let x(q) = -q**3 + 2*q. Determine x(2).
-4
Let p(q) = -q**2 + 3*q + 21. Give p(-3).
3
Let y(u) = -u**3 - 20*u**2 + 4*u + 84. What is y(-20)?
4
Let h(c) = -2*c**3 - 14*c**2 + 16*c - 3. Calculate h(-8).
-3
Let w(q) = q**3 - 7*q**2 + 10*q - 19. Calculate w(6).
5
Let w(x) = -13*x - 5. What is w(1)?
-18
Let j(s) = -s**2 - 5*s + 10. Calculate j(-6).
4
Let m(w) = -w**2 - 3*w + 103. Determine m(9).
-5
Let m(t) = -5*t + 15. What is m(-6)?
45
Let u(f) = f - 19. What is u(-9)?
-28
Let x(a) = -2*a**3 + 33*a**2 - 36*a - 17. What is x(15)?
118
Let b(c) = -c**3 - 12*c**2 - 3*c - 32. Give b(-12).
4
Let o(k) = 11*k - 27. Determine o(2).
-5
Let i(g) = 20*g + 31. Calculate i(-2).
-9
Let a(b) = b. What is a(2)?
2
Let c(l) = -20*l + 1. What is c(-2)?
41
Let t(g) = -5*g**3 - g**2 + 2*g - 4. Calculate t(2).
-44
Let v(p) = p**3 + 11. Give v(0).
11
Let o(j) = 2*j**3 + 45*j**2 - 23*j - 12. Give o(-23).
-12
Let q(s) = -s**2 - 29. Give q(0).
-29
Let t(f) = -3*f + 10. Determine t(-13).
49
Let t(s) = -9*s - 15. Give t(-4).
21
Let l(a) = -a**3 + 5*a**2 - 8*a - 4. What is l(5)?
-44
Let y(g) = g**2 + 24*g + 38. Calculate y(-21).
-25
Let y(a) = -22*a + 156. What is y(7)?
2
Let g(o) = -2*o**2 + 31*o - 8. Calculate g(15).
7
Let i(g) = g**3 - 12*g**2 + 23*g - 21. Give i(10).
9
Let a(i) = i**3 + 59*i**2 + 119*i + 281. What is a(-57)?
-4
Let j(o) = o**3 + 16*o**2 + 15*o - 12. Give j(-15).
-12
Let w(g) = g**2 - 20*g + 90. What is w(6)?
6
Let t(g) = -g**3 - 3*g**2 - 5*g - 1. What is t(-2)?
5
Let t(x) = 2*x**2 - 7*x + 3. Calculate t(5).
18
Let r(i) = -2*i + 6. Determine r(14).
-22
Let z(b) = b - 18. Give z(-4).
-22
Let r(m) = -3*m + 1. Calculate r(7).
-20
Let i(h) = h**3 - 14*h**2 + 7*h + 17. Give i(14).
115
Let w(g) = g**3 - 4*g**2 + 2*g + 3. Calculate w(4).
11
Let p(r) = -r**3 - 10*r**2 + 11*r - 18. What is p(-11)?
-18
Let x(r) = 4*r - 53. Determine x(19).
23
Let i(c) = -c**2 - 38*c + 76. Give i(-40).
-4
Let p(t) = -170*t - 1186. Give p(-7).
4
Let f(n) = 2*n**2 - 37*n + 176. Determine f(9).
5
Let t(w) = -6*w + 5. Calculate t(-4).
29
Let y(f) = -f + 11. Give y(4).
7
Let a(f) = 28*f + 787. Calculate a(-28).
3
Let f(b) = b**2 + 6*b + 14. Calculate f(-6).
14
Let w(c) = -c**3 - 7*c**2 + 6*c + 2. Give w(-8).
18
Let d(y) = y + 16. Give d(-8).
8
Let w(q) = -6*q + 50. What is w(7)?
8
Let q(d) = -6*d - 33. Give q(-13).
45
Let h(m) = -m**2 - 24*m + 21. What is h(-24)?
21
Let t(u) = 2*u + 87. What is t(-21)?
45
Let a(k) = k**2 - 6*k - 3. Determine a(6).
-3
Let t(u) = u - 11. Give t(8).
-3
Let a(q) = -q**3 + 2*q**2 + 6*q - 5. What is a(4)?
-13
Let j(u) = 3*u**2 + 67*u + 26. What is j(-22)?
4
Let l(g) = 10*g - 108. Calculate l(10).
-8
Let f(o) = -17*o - 209. Give f(-16).
63
Let n(s) = 5*s**2 - 4*s - 1. Give n(4).
63
Let g(l) = l**3 - 8*l**2 + 12*l + 8. What is g(5)?
-7
Let m(h) = -30*h**3 - h**2 - 2*h. Give m(-1).
31
Let z(t) = -10*t + 2. Determine z(5).
-48
Let p(h) = -2*h**2 - 17*h - 14. Give p(-8).
-6
Let m(c) = -8*c + 289. Calculate m(36).
1
Let z(n) = n**3 - 32*n**2 + 62*n - 52. Give z(30).
8
Let k(y) = 2*y + 40. Give k(-8).
24
Let h(v) = v. Calculate h(3).
3
Let l(b) = -b**3 + 5*b**2 + 25*b - 59. Determine l(2).
3
Let v(w) = -10*w - 4. Calculate v(-2).
16
Let m(f) = 2*f**2 - 12*f + 6. Give m(5).
-4
Let r(p) = p**2 + p - 1. What is r(-3)?
5
Let b(m) = m**3 - 31*m**2 + 3. What is b(31)?
3
Let v(p) = p**3 - 13*p**2 + p - 17. Determine v(13).
-4
Let j(b) = -b**3 - 16*b**2 + 17*b + 1. Determine j(-17).
1
Let i(d) = 14*d**2 + 3*d - 5. What is i(2)?
57
Let y(g) = g**3 + 5*g**2 + 9*g + 8. What is y(-3)?
-1
Let t(n) = -n**3 + 4*n**2 + 3*n - 1. Give t(4).
11
Let h(z) = z**2 - 16*z + 17. Calculate h(13).
-22
Let u(w) = w + 1. Give u(16).
17
Let a(w) = -w**3 + 9*w**2 - 9*w - 4. Determine a(8).
-12
Let p(g) = -13*g**2 + 4*g - 5. What is p(3)?
-110
Let v(t) = -5*t. Give v(1).
-5
Let d(r) = -r + 32. Give d(-25).
57
Let s(b) = -b**2 - 51*b + 352. Give s(-57).
10
Let n(y) = 2*y**3 - 5*y**2 + 6*y - 18. Determine n(4).
54
Let y(l) = -4*l**2 + 22*l - 3. Calculate y(5).
7
Let g(n) = -4*n - 3. Calculate g(-5).
17
Let q(m) = m**2 + m + 1. Calculate q(3).
13
Let q(h) = h**2 + 6*h - 7. Calculate q(-6).
-7
Let j(m) = 2*m**3 + m**2 - 10*m + 6. Give j(0).
6
Let a(x) = x**3 + 12*x**2 + 33*x - 11. What is a(-6)?
7
Let a(c) = -3*c - 23. Give a(-8).
1
Let h(f) = 2*f**2 + 24*f + 33. What is h(-14)?
89
Let k(y) = 6*y**2 - 7*y + 8. Give k(2).
18
Let u(b) = -5*b + 4. Determine u(3).
-11
Let d(k) = 3*k - 62. Give d(22).
4
Let c(j) = 7*j - 22. Calculate c(6).
20
Let o(u) = -u**2 + 7*u + 2. What is o(8)?
-6
Let g(m) = m**3 - 8*m**2 + 1. Give g(8).
1
Let q(z) = -z**2 - 17*z - 8. Determine q(-16).
8
Let g(x) = 7*x**2 + 25*x + 4. Give g(-3).
-8
Let x(t) = -t**2 + t + 4. Give x(6).
-26
Let x(b) = b**2 - 5*b - 9. Give x(-2).
5
Let o(v) = 39*v + 27. Give o(-1).
-12
Let m(n) = 2*n - 33. Determine m(6).
-21
Let b(t) = 3*t**2 - 3*t - 2. Give b(-3).
34
Let i(k) = k**2 + 9*k - 9. Determine i(-13).
43
Let r(t) = -t**2 - 48*t - 45. Determine r(-47).
2
Let p(j) = -j**2 + 21*j - 36. Give p(19).
2
Let u(r) = -7*r - 5. Determine u(-2).
9
Let k(h) = -3*h**2 - 8*h + 1. What is k(-5)?
-34
Let x(z) = z**3 - 5*z**2 - 10*z - 5. Determine x(7).
23
Let z(m) = 3*m + 37. What is z(-15)?
-8
Let m(k) = k**3 - 4*k**2 + k - 6. What is m(4)?
-2
Let t(i) = -i**2 + 7*i + 25. What is t(8)?
17
Let r(p) = 5*p + 8. Determine r(4).
28
Let b(t) = -6*t + 1. Give b(-2).
13
Let v(h) = -h**3 + 7*h**2 + 9*h + 2. Calculate v(8).
10
Let q(a) = 4*a - 6. Calculate q(0).
-6
Let i(o) = -o**3 + o**2 + 2*o + 2. Give i(-2).
10
Let b(j) = -j**3 + 4*j**2 + 2*j - 1. Determine b(6).
-61
Let h(q) = -q**3 - 3*q**2 + 3*q - 3. Calculate h(-4).
1
Let b(k) = -5*k - 30. What is b(-5)?
-5
Let v(r) = -r - 8. Determine v(-16).
8
Let d(h) = -4*h**2 - 94*h - 46. Determine d(-23).
0
Let a(n) = n**3 + 20*n**2 - 2*n - 31. Determine a(-20).
9
Let z(t) = -t**3 - t**2 + 3*t - 13. Determine z(0).
-13
Let u(k) = -2*k - 37. Determine u(-18).
-1
Let t(h) = -15*h - 8. Give t(-2).
22
Let t(v) = v**3 - 9*v**2 - 5*v + 34. Calculate t(8).
-70
Let p(o) = 4*o**2 - 21*o + 7. Determine p(6).
25
Let x(r) = 11*r**2 + 21*r + 2. What is x(-1)?
-8
Let b(v) = -2*v**2 - 36*v + 9. Calculate b(-18).
9
Let n(s) = -s**3 + 2*s**2 + 14*s - 1. Calculate n(5).
-6
Let l(k) = -13*k - 99. Determine l(-8).
5
Let u(l) = -l**3 + 23*l**2 - 13*l - 215. Give u(22).
-17
Let c(n) = -n**3 + 11*n**2 + 3*n - 12. Calculate c(11).
21
Let z(o) = 3*o**3 - 5*o**2 + 3. Calculate z(2).
7
Let o(m) = m**3 - 10*m**2 + 10*m - 3. What is o(9)?
6
Let j(g) = 9*g + 8. What is j(6)?
62
Let s(v) = 6*v - 5. Calculate s(2).
7
Let b(o) = 4*o**2 + 42*o + 19. Determine b(-10).
-1
Let q(d) = 5*d**2 + 6*d + 5. What is q(-3)?
32
Let s(d) = -3*d + 86. Give s(38).
-28
Let c(y) = 7*y - 55. What is c(9)?
8
Let b(v) = v**3 - 9*v**2 - 22*v - 6. What is b(11)?
-6
Let h(f) = -10*f**2 + 85*f - 7. What is h(9)?
-52
Let j(k) = -8*k + 1. Determine j(-2).
17
Let a(n) = n**2 + 15*n - 212. Give a(9).
4
Let j(c) = -12*c + 8. Give j(6).
-64
Let g(z) = -z**3 - 3*z**2 - 2*z - 11. Give g(-4).
13
Let k(n) = 5*n - 13. What is k(3)?
2
Let f(r) = r**2 + 4*r + 12. Determine f(-8).
44
Let u(n) = n**3 - 8*n**2 + n + 16. What is u(8)?
24
Let w(l) = -16*l - 36. Calculate w(8).
-164
Let p(a) = 2*a**3 + 21*a**2 - 10*a + 3. Give p(-11).
-8
Let l(u) = u**3 + 7*u**2 - u + 2. What is l(-7)?
9
Let c(r) = -r**3 + 2*r**2 - r - 2. Calculate c(-2).
16
Let v(t) = t**3 - 17*t**2 - 3*t + 39. What is v(17)?
-12
Let z(n) = 4*n**2 - 26*n - 4. Calculate z(7).
10
Let s(u) = u - 1. What is s(-1)?
-2
Let k(v) = -v**3 - v**2. Give k(-2).
4
Let u(m) = m**3 - 9*m**2 + 6*m - 5. Determine u(8).
-21
Let z(x) = x - 4. Determine z(-4).
-8
Let h(x) = -35*x**2 - 2*x + 3. Give h(2).
-141
Let p(h) = -10*h - 89. Calculate p(-9).
1
Let o(t) = -2*t**2 + 30*t - 13. What is o(10)?
87
Let a(k) = k**3 - 8*k**2 - 35. Calculate a(8).
-35
Let q(r) = -r**3 + 7*r**2 + 3*r - 9. Calculate q(7).
12
Let p(n) = -13*n - 26.